2 = 257*f. What is the greatest common divisor of f and 621?
27
Suppose 336 = -7*h + 140. Let b = h + 44. Calculate the greatest common factor of 16 and b.
16
Let x = -53 - -37. Let f = x + 26. What is the highest common factor of 15 and f?
5
Let o be (10 - 9)/((-3)/(-255)). Let x be 51/(-2)*(-8)/6. Calculate the greatest common factor of x and o.
17
Let j = -871 + 891. What is the highest common divisor of 1180 and j?
20
Let w(l) = -2*l**3 - 9*l**2 + 9*l + 15. Let p(n) = 2*n**3 + 3*n**2 + n. Let u be p(-2). Let v be w(u). What is the highest common factor of 46 and v?
23
Let o be (-2)/(-3) - 876/(-9). Let u be o + (-1 - -1*2). Let w be ((-1)/(-2) - 0) + 966/92. What is the greatest common divisor of u and w?
11
Suppose 31*f - 7200 = f. What is the highest common divisor of 150 and f?
30
Let n be (-5)/(-20) - 23/(-4). Let r = n - 3. Suppose -r*s + 145 = s + 5*j, 2*s = 4*j + 40. Calculate the highest common divisor of 45 and s.
15
Let t be (1 + -2)*(-1 + -20). Let p(z) = z**2 - 3*z - 10. Let x be p(5). Suppose -s + 45 - 42 = x. What is the highest common divisor of s and t?
3
Let y(v) = -v**2 - 9*v. Let d be y(-7). Let n = 25 - d. What is the highest common factor of n and 11?
11
Let g(j) be the third derivative of -j**6/120 + j**5/3 - 3*j**4/4 + 8*j**3/3 + 2*j**2. Let h be g(19). What is the highest common divisor of 7 and h?
7
Let u(l) = l**2 + 4 + 0*l**2 - 3*l + 2*l - 6*l. Let h be u(5). Let s(z) = -z**2 - 9*z + 6. Let v be s(h). What is the highest common factor of 60 and v?
12
Let n(v) be the first derivative of 4*v - 9 + 1/2*v**2. Let l be n(-2). Calculate the greatest common divisor of 8 and l.
2
Let l be 0 - (-4)/((-8)/(-18)). Let y = -313 + 340. What is the greatest common factor of y and l?
9
Suppose a = -10*a. Let s(n) = n**2 - n + 98. Let d be s(a). Let x = -7 + 21. What is the greatest common factor of d and x?
14
Let v be (28/3)/(2/18). Suppose -4*i = 10 - 58. Suppose 0 = -7*s + 6*s + i. What is the highest common divisor of s and v?
12
Suppose 66 - 388 = -7*a. What is the greatest common divisor of 368 and a?
46
Suppose 1 + 14 = 5*n. Let v(i) = 4*i**2 - 3*i**2 - i**n - 3*i**3 + 1 - 2*i + 5*i**3. Let h be v(-2). What is the highest common divisor of 1 and h?
1
Suppose 59 = -5*r - 316. Let s = 113 + r. Calculate the highest common divisor of s and 2.
2
Suppose 2*o - 2*u + 26 = 3*o, -2*o = -u - 47. Calculate the greatest common factor of o and 66.
6
Let d be (-160)/(-84) - 2/(-21). What is the highest common factor of d and 17?
1
Let p = 1005 + -985. Let o = 66 + 154. What is the greatest common factor of o and p?
20
Suppose -187*h = -204*h + 51408. Calculate the highest common factor of 21 and h.
21
Let c(m) = 20*m**3 - 5*m**2 + 5. Let p be c(3). Calculate the greatest common factor of 40 and p.
20
Suppose 6*y - 3*y = -111. Let o = 72 + y. Suppose -3*b = 0, -16 = -5*k + 3*b + 9. What is the greatest common factor of o and k?
5
Let v(s) = -s**3 + s**2 - 7*s + 185. Let k be v(0). Calculate the highest common factor of 10 and k.
5
Suppose 12 = h + 2. Suppose 5*c = c + 4*j + 144, 3*c - 132 = -3*j. What is the highest common divisor of c and h?
10
Let h(v) = -2*v**3 + 43*v**2 + 31*v - 16. Let y be h(22). What is the highest common factor of 26 and y?
26
Let h(y) = 2*y**2 - 6*y + 2. Suppose -26 = -5*j - 6. Let t be h(j). Suppose -t = -4*i - 2. Calculate the highest common divisor of 2 and i.
2
Let w be 153/30 + (-1)/10. What is the greatest common divisor of w and 20?
5
Let b(z) = -z**3 - 56*z**2 - 71*z + 194. Let n be b(-55). Calculate the highest common factor of 6 and n.
6
Let i be 2 - 3*(-6)/9*37. Calculate the highest common divisor of i and 171.
19
Suppose 72 = -27*k + 24*k. Let f(p) = p**3 + 24*p**2 + 27. Let j be f(k). Calculate the highest common factor of j and 18.
9
Let v be 1/(-1) - 33/3. Let y = 17 + v. Let w(j) = j**2 - 127*j + 373. Let d be w(3). What is the highest common divisor of d and y?
1
Suppose -1389 - 861 = -9*p. Let q = p - 118. What is the greatest common divisor of q and 22?
22
Let h = 20 + -23. Let c be 4/(-6) - 26/h. Let r = 31 + -15. What is the greatest common factor of c and r?
8
Let a be (-22)/((-144)/(-168) - 20/7). Calculate the highest common divisor of 1 and a.
1
Suppose j - 5*j = 8, 914 = 2*q + 3*j. Calculate the greatest common divisor of q and 23.
23
Let i(q) = -q**3 - 13*q**2 + 12*q - 30. Let a be i(-14). Suppose -l + 4 - 2 = 0. Let w be (8 + a + -3)*l. Calculate the highest common divisor of 3 and w.
3
Suppose 385 + 575 = 8*d. What is the greatest common factor of 80 and d?
40
Suppose -4*p - 6 = -14. Let s = -165 - -264. Suppose p*b - 13 - s = 0. Calculate the highest common divisor of 8 and b.
8
Let s(y) = -y**2 - 6*y + 10. Let z be s(-7). Let x be (-3 - (-5)/z)*(-30)/4. Calculate the greatest common divisor of x and 4.
2
Let c = -19 - -21. Suppose -g + 56 = -i, -3*g - c*i - 2*i = -154. What is the highest common divisor of 6 and g?
6
Suppose -a + 4*a - 945 = 0. Calculate the highest common factor of 63 and a.
63
Let s be (-1)/(-4) - (-22)/8. Suppose -212 = -s*f + 442. Let d = 314 - f. What is the greatest common divisor of 12 and d?
12
Let u(w) = -w**2 - 6*w - 3. Let h be u(-5). Suppose -2*r - h = -3*r. Let c be 6*((-22)/(-4) - r). Calculate the greatest common factor of c and 147.
21
Suppose 2*c = -20 + 54. What is the highest common divisor of 425 and c?
17
Let k = -103 + 222. Suppose -3*f - 2*x - 4 = -53, -4*f = -2*x - 70. What is the highest common factor of k and f?
17
Suppose -66*q + 6 = -65*q. Suppose -q*s + 4*t = -3*s - 71, 10 = -2*t. What is the highest common factor of s and 136?
17
Let s = 90 - -6. Calculate the greatest common divisor of s and 240.
48
Suppose 2 = -f + 1. Let g be -734*((-3)/f)/(-6). Suppose 3*i - g = -0*i - 5*z, 0 = 4*i - z - 474. What is the highest common divisor of 17 and i?
17
Let p = 1880 - 1871. Calculate the greatest common divisor of p and 129.
3
Let b be (-16)/20*-10 - -7. Calculate the greatest common factor of 40 and b.
5
Let z(n) = -n**3 + 2*n**2 + 4*n - 1. Let l be z(3). Suppose -3*w = g - 17, -42*g + 45*g = -2*w + 30. What is the highest common divisor of l and g?
2
Suppose 0 = 4*j - 4*p - 2164, 995 = 3*j + 3*p - 658. Suppose 0 = f + 5*f - j. Let i = 28 + -15. Calculate the greatest common factor of i and f.
13
Let d be 3 + ((-2)/(-10) - 493/(-85)). Calculate the greatest common divisor of d and 21.
3
Let x be -3 - (4 + -538 + -2). Calculate the greatest common factor of 13 and x.
13
Let l(d) = -d**2 - 21*d + 31. Let m = 75 + -93. Let w be l(m). Calculate the greatest common factor of w and 17.
17
Let q(v) = -10*v**2 + 4*v - 1. Let h be q(1). Let o(l) = 2*l**2 + 14*l + 4. Let t be o(h). Calculate the greatest common divisor of 20 and t.
4
Let b = 46 + -49. Let j(g) = -g**3 - 4*g**2 - 6*g - 5. Let t be j(b). Calculate the greatest common factor of 12 and t.
4
Let t be 1 - -18 - (-12 - -11). Let r(j) = 3*j**2 - 6*j - 2. Let f be r(-4). What is the highest common divisor of t and f?
10
Let i = -105 - -230. Calculate the greatest common divisor of 100 and i.
25
Let l(k) = k + 3. Let d be l(0). Suppose x + d = -0*x. Let q be ((-140)/x)/(3/9). What is the highest common factor of q and 28?
28
Suppose 2*m = -m + 216. Let k be (2 - 0) + 1/1. Suppose -u - m = -k*u. What is the highest common factor of u and 12?
12
Let v(f) = f**2 + f - 2. Let s be v(-4). Suppose 3*y - 4 = 5*t, 6*t - t + 3*y - 14 = 0. Calculate the greatest common factor of s and t.
1
Let s(v) = -v**2 - 36*v - 194. Let t be s(-28). Let n(u) = -16*u - 3. Let x be n(-3). Calculate the greatest common divisor of x and t.
15
Let y(t) = t**3 - 9*t**2 - 9*t + 9. Let n be y(10). Suppose -4*k + 6 + 18 = 0. Suppose 836 = -2*h + k*h. What is the highest common divisor of n and h?
19
Let w = -800 - -1047. Calculate the highest common factor of 26 and w.
13
Suppose 483 = 28*s - 385. What is the greatest common factor of s and 527?
31
Suppose -n = -6*n + 15, -4*f - 16 = -4*n. Let d(o) = -2*o + 4. Let s be d(f). Calculate the highest common divisor of 3 and s.
3
Let o = 2 + -1. Let h(c) = 3*c**2. Let z be h(o). Suppose 0 = -a + z*a - 126. Calculate the greatest common factor of 7 and a.
7
Let n = 166 - 97. Let r = -47 + n. What is the highest common factor of 198 and r?
22
Suppose -18 = -a + b, 0*a + 48 